 by 21?
3
Let b(o) = -2*o + 12. Let d be b(-4). Suppose 116 - d = 4*f. Let z = f + -8. What is the remainder when z is divided by 4?
0
What is the remainder when 87 is divided by (-4 - (-5 - 1)) + 84/3?
27
Let g = -450 - -636. What is the remainder when g is divided by 49?
39
Let a be -19*1*(4 - 5). Let q = -14 + a. Suppose x + 3*f - 28 = 9, -q*x = 5*f - 135. What is the remainder when x is divided by 6?
4
Let v(h) = 2*h**2 - 10*h + 2. Let b be v(7). Suppose -4*y - i = -69, 3*y - 14 = 3*i + 19. What is the remainder when y is divided by b/(6/(-2))*-1?
6
Let d = 13 - 6. Suppose 0 = -0*s - d*s. Suppose s = -5*v, 2*v - 2 = 2*q - 8. What is the remainder when 10 is divided by q?
1
Suppose 17*p = 12*p + 55. Suppose -5*a = -4*o - 29 - 61, a = 4*o + 34. What is the remainder when a is divided by p?
3
Suppose -26*b + 3003 + 273 = 0. Calculate the remainder when 881 is divided by b.
125
Let q = 1665 + -1527. What is the remainder when q is divided by (-457)/(-13) + 8/(-52)?
33
Suppose 2*v - 8 = -i, -5*i + 5*v + 8 = -17. Calculate the remainder when 47 is divided by i.
5
Calculate the remainder when 2959/22 - 12/(-8) is divided by 26.
6
Suppose -5*p + 92 = 7. Suppose -p*l + 16*l + 3 = 0. Suppose -l*d + 44 = -d. What is the remainder when 62 is divided by d?
18
Let u be (3 - (2 - 0))*0. Suppose u = -2*k - k + 111. What is the remainder when k is divided by 13?
11
Let g(r) = -r**2 - 7*r + 6. Let h be g(5). Let k = -36 - h. Calculate the remainder when 34 is divided by k.
16
Let q = 43 + -22. Let b = q + -7. What is the remainder when 27 is divided by b?
13
Suppose 36*s - 1211 = 1813. What is the remainder when s is divided by 31?
22
Let j = 5 - -40. Suppose 0*q + j = q. Suppose 2*n = 6, 0*a + 3*a = -2*n + q. What is the remainder when a is divided by 5?
3
Let n(a) = -a**3 + 38*a**2 - 321*a + 2. Calculate the remainder when n(18) is divided by 47.
46
Let k be 4 + 38/6*3. Let g = k - 5. Calculate the remainder when 69 is divided by g.
15
Let v(q) = -q**2 - 13*q + 276. Calculate the remainder when 65 is divided by v(11).
5
Suppose -t - 213 = -5*a, -5*a - t = -3*a - 88. What is the remainder when 216 is divided by a?
1
Let t be -3 - 9/((-18)/140). Suppose 0*a - 55 = -2*p + 5*a, 112 = 5*p - 4*a. What is the remainder when (69 - t)*(1 + 75/2) is divided by p?
17
Let n(m) = m**2 + 2*m + 4. Let g be n(-4). Let d be (-48)/(-21) + 14/(-49). Suppose -b - d*b + g = 0. Calculate the remainder when 15 is divided by b.
3
Suppose -100*y + 103*y - 63 = 0. What is the remainder when 134 is divided by y?
8
Let v(i) = 0 - 1 + i + 0*i**2 - 4 + i**2. Suppose -w + 12 = 2*w + 4*b, 0 = 4*w + 5*b - 16. What is the remainder when 26 is divided by v(w)?
11
Suppose v = -r, -3*r - 3*v = -6*v. Suppose -3*y = -5*z - 286, 3*y + 3*z - 168 - 126 = r. What is the remainder when y is divided by 33?
31
Suppose 2*k - q = -14 + 115, 0 = 4*k + q - 205. Let j be 282/7 - (-4)/(-14). What is the remainder when k is divided by j/3 + (-3)/9?
12
Let z(f) = 20*f + 282. What is the remainder when z(0) is divided by 12?
6
Suppose -4*h + s + 973 = 0, 2*h + 491 = 4*h + s. Suppose h = 4*k + 16. Let c = 7 + 8. Calculate the remainder when k is divided by c.
12
Let r(p) = p**2 + 6*p + 9. Let v be r(-3). Let x(m) = -m**3 + 5*m**2 + 4*m - 6. Calculate the remainder when x(4) is divided by ((-1 - v) + (-2)/(-4))*-28.
12
Let q(s) = s**2 + 9*s + 27. What is the remainder when q(0) is divided by 3?
0
Let b = 3 + -4. Let t(v) = 2*v**3 - 7*v**2 + 2*v + 8. Let s be t(4). Let f = b + s. Calculate the remainder when f is divided by 8.
7
Suppose -s = -31 - 20. Suppose -4*k = -k - s. Calculate the remainder when -7 + 1215/171 + 2730/57 is divided by k.
14
Suppose -4*k = 2*g + 10, g - 10 = 3*g - k. Let w(v) = -30*v - 8. Calculate the remainder when w(g) is divided by 36.
34
Suppose 17*m - 4*m - 13 = 0. What is the remainder when 130 is divided by ((-22)/1)/(m/(-1))?
20
Let i(p) = -p - 5. Let o be i(0). Let d(j) = 10*j - 53. Let m be d(5). Calculate the remainder when 8 is divided by o*2*m/6.
3
Let v(g) = 2*g - 1. Suppose -5*l + 4*a + 165 = a, -2*l - 3*a = -87. Suppose 0*j - l = -4*j. Calculate the remainder when v(j) is divided by 6.
5
Suppose 3*o = -o, 0 = -x - 5*o. Suppose -j + 0 - 1 = x. Calculate the remainder when 3 is divided by -3*8/12*j.
1
Let s be (2 - (-8 + 4)) + -4. Suppose -s*w + 37 = -w. What is the remainder when 108 is divided by w?
34
Let g = 93 - 82. Suppose -b - 3*c = -56, -2 - 2 = 2*c. What is the remainder when b is divided by g?
7
Let h(w) = 2*w**3 + 13*w**2 - 9*w + 10. What is the remainder when 71 is divided by h(-7)?
23
Let t = 352 - 316. Calculate the remainder when t is divided by (-5)/(-1) + (-36)/(-12).
4
Let v = 103 + -3. Calculate the remainder when 197 is divided by v.
97
Let x be (4/(-6))/((-10)/(-285)). Let l = 41 + x. Calculate the remainder when l is divided by 248/40 - (-1)/(-5).
4
Suppose x = -0*x + 4. Suppose c - 23 = x*r, 4*c + 6*r - 134 = r. Calculate the remainder when c is divided by 8.
7
Let g(k) = k**2 - 6*k - 7. Let y be g(-4). What is the remainder when 121 is divided by (28/(-8))/(-7)*-2 + y?
25
Let w(x) = 5*x**2 + 2*x. Let l be w(-1). Let c be 3*1*(-8)/(-6). Suppose l*d + 5*r = 37, -5*d + c*r + 72 = 2*r. Calculate the remainder when 39 is divided by d.
11
Suppose -3*n + 2*o + 59 = 0, n + 4*n - 99 = 4*o. What is the remainder when 31 is divided by n?
12
Let u = 25 - 17. Let z(j) = j + 4. Suppose 5*b + 3*w = 175, -b - 2*b + 4*w = -105. What is the remainder when b is divided by z(u)?
11
Let b(u) = 3*u + 35. What is the remainder when 218 is divided by b(-8)?
9
Suppose 0*h - 2*h = -3*l - 413, 2*h + 546 = -4*l. Let z = -91 - l. Suppose -g + 3 = -0*g - c, 0 = 5*g + 5*c - 65. What is the remainder when z is divided by g?
6
Calculate the remainder when 70 is divided by 2/((-16)/(-150)) + 45/(-60).
16
Suppose 0 = 2*x + 2 - 14. Let l = -19 - -41. What is the remainder when l is divided by x?
4
Let q = 981 - 968. What is the remainder when 109 is divided by q?
5
Suppose -5*u - 4*h + 397 = 0, 3*h - 6*h + 75 = u. Let m be (-1)/(15/(-385))*-3. Let a = 105 + m. What is the remainder when u is divided by a?
25
Suppose 24*d - 3375 = -1023. What is the remainder when 587 is divided by d?
97
Let k be 1/((-2)/3 - -1). Suppose 4*f - 8*w + 3*w - 219 = 0, -w = k. What is the remainder when 101 is divided by f?
50
Let h = 40 - 17. Suppose 135*x - 136*x = -h. Calculate the remainder when x is divided by 5.
3
Let i(f) = 9*f - 21. Calculate the remainder when ((-1)/(-2))/((1 - -6)/280) is divided by i(3).
2
Suppose 3*s + 6 = -3*y - 0*y, 2 = -2*y - 4*s. Calculate the remainder when (y/(-6))/((-8)/(-288)) is divided by 8.
2
Suppose 12 = -a + 3*y, -5*a - 7 = -4*y + 9. Suppose a = -4*s + 9*s. Suppose i + 26 - 5 = 2*p, 4*p - 4*i - 36 = s. What is the remainder when 33 is divided by p?
9
Suppose 140*k - 4662 = 126*k. What is the remainder when k is divided by 14?
11
Let s(o) = -2*o**2 - 25*o + 140. Calculate the remainder when 134 is divided by s(-16).
22
Let u = 113 + -172. Let y = u - -70. What is the remainder when 41 is divided by y?
8
Let y = -21 + -126. Let i = 150 + y. Calculate the remainder when 16 is divided by i.
1
Let f = 2633 - 1754. What is the remainder when f is divided by 42?
39
Let c = -266 + 286. What is the remainder when 37 is divided by c?
17
Suppose -12*w = 5*w - 425. Suppose -5*r - 46 = -6*r. Calculate the remainder when r is divided by w.
21
Let i(d) = -13*d + 45 + d**2 - 7*d + 3*d. Let a(o) = o**2 + o + 11. Calculate the remainder when a(0) is divided by i(14).
2
Let h(i) = 22*i + 23. Let p be h(-5). What is the remainder when 86 is divided by p/(-3) + -4 - -5?
26
Let t = -54 + 113. Let p = 99 - t. Suppose -4*z + p = 5*l - z, 16 = 2*l - 3*z. What is the remainder when l is divided by 3?
2
Let p be (-198)/8 + (-7)/28. Let a = -13 - p. Calculate the remainder when 69 is divided by a.
9
Let i = 29 - 16. Let p = i + -7. Calculate the remainder when p is divided by 6/(-5)*(20/(-8) + 0).
0
What is the remainder when (-9 - 104/(-12))*-264 is divided by 60?
28
Suppose 3*o = 2*h + 17, 4*o - 3*h - 23 = -0*h. Calculate the remainder when 77 is divided by o.
2
What is the remainder when 208 is divided by -6*(32/(-60))/((-2)/(-40))?
16
Let u(l) = -l + 14. Let q(d) = 2*d - 9. Let g be q(7).